 19
Let a(w) = w**3 + w + 2. Let c be a(0). Let k(u) = 0*u + 5*u**2 - 2*u**2 + 3 + 10*u + 3*u**c - u**3. What are the prime factors of k(7)?
2, 3
Suppose 4*m + 6 - 26 = 0. Suppose -62 = -5*b - 2. Suppose 3*l + 20 = 4*j, m*l - b = 2*l. List the prime factors of j.
2
Suppose -2*r = -7 - 3. Suppose -n + 3*n + 5*s = r, s = n + 1. Suppose v + 2*v - 27 = n. What are the prime factors of v?
3
Suppose 7*a + 4*a = 26422. List the prime factors of a.
2, 1201
Suppose 3*a = -4*h + 38, -2*h + 0*a + 28 = -3*a. Suppose 0 = -h*i + 7*i + 32. List the prime factors of (i/(-12))/((-2)/84).
2, 7
List the prime factors of 231297/301 - (-3)/(-7).
2, 3
Let t be (1010/(-20))/(2/(-4)). Suppose 0 = -n + 3, -t - 169 = -4*g + 2*n. What are the prime factors of g?
3, 23
Suppose 76 = a - 120. Suppose -3*g + 208 = 5*z - 86, 2*g - a = 3*z. Suppose -g = -4*s + 18. What are the prime factors of s?
29
Suppose 5*r + 392 = 4*q + 2408, 0 = -r + q + 404. List the prime factors of r.
2, 5
Let v(f) = -10*f - 20. Suppose j = 4*u - 1, -3*u = 5*j + 2*u + 55. Let d be v(j). What are the prime factors of (-144)/(-60)*d/4?
2, 3, 7
Suppose 394*o - 155 = 389*o. What are the prime factors of o?
31
Suppose -17*w + 10*w = 84. List the prime factors of (-9)/w + (-2920)/(-32).
2, 23
Let p(a) = a + 2 - 2 - 9. Let c be p(11). Suppose b - 75 = -c*b. What are the prime factors of b?
5
Suppose 3*w - 249 = 5*c, 0 = 4*c - 2*c. What are the prime factors of w?
83
Let z(p) be the third derivative of 1/12*p**4 + 4*p**3 + 0 + 0*p + 8*p**2. What are the prime factors of z(10)?
2, 11
Let o(h) = h**3 - 12*h**2 - 15*h + 9. What are the prime factors of o(19)?
2251
Suppose -3*h - s + 580 = 0, h - 95 = 5*s + 109. What are the prime factors of h?
2, 97
Let b(s) = 2*s - 2. Let m(w) = -w - 4. Let u be m(-6). Suppose 5*o = -4*k + 45, o - 2*k + 3 + u = 0. What are the prime factors of b(o)?
2
Let f be 3 - (6 + 0) - -3. Suppose f = 10*i - 11*i + 151. What are the prime factors of i?
151
Let h(a) = -a + 15. Let w(r) = -3*r + 1. Let v be w(-5). Let n be h(v). List the prime factors of (n - -8) + -3 + 6.
2, 5
Let f = -29 - -37. Suppose -f*x = -5*x + 9. List the prime factors of 63*1*(x + 4).
3, 7
Let i = 1001 - 476. What are the prime factors of i?
3, 5, 7
Let l be 12/(-16) + (-3)/(-4). Let m be (-26)/(-13) + l + 3. Suppose m*d + 27 = 2*y, 0*y - 11 = -y + 5*d. What are the prime factors of y?
2
Suppose -9*w = -11*w + 518. What are the prime factors of w?
7, 37
Let p(g) = -5*g + 6 - 2 + 1 - 1. Let x be (-33)/9 + (-1)/3. List the prime factors of p(x).
2, 3
Let m = 22 - 19. Suppose m*p - 2*v = p + 178, 3*p - 275 = -v. Let g = p - 43. What are the prime factors of g?
2, 3
Let n(h) = 244*h**2 + 3. Let u(w) = 732*w**2 + w + 10. Let z(b) = -7*n(b) + 2*u(b). Let f be z(1). What are the prime factors of f/6*8/(-12)?
3
What are the prime factors of ((-3)/(-5))/(16/(-80)) + 656?
653
Let i be (4 - (4 - 1)) + 24. Let u be (288/(-30))/((-2)/i). Suppose -2*a = a - u. List the prime factors of a.
2, 5
Let z be 3/(-3*(-4)/16). Suppose -z*g = -g. Suppose -137 = -5*q - 3*s, -5*q + 0*q + 4*s + 109 = g. What are the prime factors of q?
5
Let d = -1049 - -1469. List the prime factors of d.
2, 3, 5, 7
List the prime factors of ((-135)/(-30) - 3)*(-1964)/(-3).
2, 491
What are the prime factors of (10 + -19 + 2)*(-1016)/28?
2, 127
Let a be -2 + 21/14 + (-507)/2. Let w = a - -441. List the prime factors of w.
11, 17
Suppose 2*c = -16 - 24. Let z = c + 35. Suppose -4*b + z = -b. List the prime factors of b.
5
Let c be ((-6)/2)/(2/2). Let m be 3/(4/8*c). List the prime factors of (-3332)/(-70) + m/(-5).
2, 3
Let u(c) = -c**2 + 82*c - 39. What are the prime factors of u(50)?
7, 223
Let v(j) = j**3 + 3*j**2 - 6*j - 5. Let z be v(-4). List the prime factors of (1/2*z)/(6/152).
2, 19
Let w(j) = 3*j + 3. Let m be w(-2). Let d = 0 - m. Suppose -3*b = -h - 67, b + 3*b - 98 = -d*h. What are the prime factors of b?
23
Let z(d) = -d**3 + 6*d**2 - 4*d - 1. Let r be z(5). Suppose -q = r*q - 15. Suppose 0 = -2*s - q*s + 75. List the prime factors of s.
3, 5
Let n(k) = -k**2 - 4*k + 4. Let q be n(-4). Suppose 5*d = q*a + 439, -2*d + 265 = d - 2*a. What are the prime factors of d?
7, 13
Let n = 20 - 19. Suppose -l = 4 + n, 5*q - 895 = -2*l. What are the prime factors of q?
181
Let o(a) = 28*a**2 + 19*a + 7. List the prime factors of o(-6).
17, 53
Suppose -3*p - 14 = -5*g + 1, 0 = -3*g - 4*p + 9. Let n be 102 + 0 + g/1. Suppose -5*u = -k + 18 - n, 30 = 2*u + 2*k. What are the prime factors of u?
17
Let s(c) = -217*c**2 + 3*c - 1. Let u be s(1). List the prime factors of (2/1)/((-10)/u).
43
Let n = 455 + -279. Let t = -68 + n. List the prime factors of t.
2, 3
Suppose -108 + 396 = 4*n. Suppose 3*q = -q + n. Suppose -q = 4*y - 54. What are the prime factors of y?
3
Let v = -399 + 586. What are the prime factors of v?
11, 17
Let g = 3 + -9. Let k(u) = u**2 - 2*u - 2. List the prime factors of k(g).
2, 23
Suppose 0 = y + 5*z - 213, 2*y - 3*z - 2*z = 471. Suppose -3*f + 4*w + y = 0, 4*f + w - 5*w - 300 = 0. What are the prime factors of f?
2, 3
Let n be (-10778)/(-14) + ((-20)/7 - -3). Suppose -4*q - 7*q = -n. What are the prime factors of q?
2, 5, 7
Let f = 6488 - 3398. List the prime factors of f.
2, 3, 5, 103
Let k be 4/(-8) - (-7)/2. Suppose -4*x = -20, k*x - 10 = 3*b + 128. Let s = 61 + b. What are the prime factors of s?
2, 5
Let z be (8/(-7))/(4/(-14)). Suppose -82 = -2*l - 2*l + 2*a, z*l = -a + 91. What are the prime factors of l?
2, 11
Let c be (2/(-4))/(((-91)/(-770))/13). List the prime factors of (-4830)/c - (-4)/22.
2, 11
Let d be ((-27)/6)/(3/(-244)). Suppose 1221 = 9*m + d. List the prime factors of m.
5, 19
What are the prime factors of (-685)/(1/6 + 28/(-24))?
5, 137
What are the prime factors of 443 - (-25)/5*-1?
2, 3, 73
List the prime factors of 10176/5 - ((-392)/(-35) - 11).
5, 11, 37
Let k be (-2 + -1)/((-3)/(-140)). Let i = -30 - k. List the prime factors of i.
2, 5, 11
Suppose -3*o - 6 = 0, -4*c = -0*o - 2*o - 68. Let b = -10 + c. Suppose 4*f = b*f - 16. What are the prime factors of f?
2
Suppose -17*i = -14*i + 1203. List the prime factors of i/(-7) - ((-4)/7)/(-2).
3, 19
Suppose 5*s + 3*i - 7094 = 0, 3551 = 4*s - 4*i - 2105. What are the prime factors of s?
13, 109
Suppose -3*j - 2*j + 15 = 0. Let h be -39 - 9/(j/(-1)). List the prime factors of 3 + 0 - h/2.
3, 7
List the prime factors of (((-40612)/6)/11)/((-2)/6).
2, 13, 71
Suppose -3*o + 11 = -4*r + 3*r, r = 1. Suppose -a + 239 = -5*p + 1751, -o*p = a - 1206. What are the prime factors of p?
2, 151
List the prime factors of 2 - (-96848)/8*1/2.
5, 7, 173
Suppose -18 = 8*z - 5*z. Let y be (-1)/z - (-905)/(-30). Let s = -18 - y. List the prime factors of s.
2, 3
List the prime factors of 319/22*(108 - (2 - 6)).
2, 7, 29
Let n be (-1)/2 - (-10)/20. Suppose -q - 2*i + 1 + 5 = n, 9 = 5*q + 3*i. List the prime factors of ((0 - -3) + q)/1.
3
Suppose 0 = 2*z - 448 - 272. Suppose -2*a + 78 = -z. List the prime factors of a/24 - 2/16.
3
Let i = 6 - 5. Let y be (8 + 1)/(i/(-3)). Let x = -21 - y. What are the prime factors of x?
2, 3
Suppose -3*q = 3, 8*q - 6*q + 1988 = 2*d. What are the prime factors of d?
3, 331
Let b be 2/((27/(-6))/(-9)). Let m be (-4)/(-3) + 4/(-3). Suppose -b*w + 2*w + 130 = m. List the prime factors of w.
5, 13
Let v(m) = -m**2 + 4*m + 1. Let h be v(3). Suppose q = -4*d - 8, 2*q + 3*d = 1 - 2. List the prime factors of 2 + q + (h - 4).
2, 3
Let u(m) = -m**3 + 8*m**2 + 9*m - 9. Let v be u(9). Let n be (-3)/v - 332/6. Let g = 88 + n. List the prime factors of g.
3, 11
Let a(m) = -m**3 + 5*m**2 + 6*m + 8. Suppose 0 = p, 6*d + 3*p - 12 = 4*d. Let q be a(d). List the prime factors of (-3 + 5)/(2/q).
2
Let x be ((64/(-20))/(-2))/((-4)/(-10)). Suppose -t = -2*j + 58, 0 = -4*j + x*t + 86 + 26. List the prime factors of j.
2, 3, 5
Suppose -u = 3, -2*h - 43 = -0*h - u. Let j = 57 - h. List the prime factors of j.
2, 5
Let j(p) = -619*p + 13. List the prime factors of j(-5).
2, 3, 7, 37
Suppose -4*p - 10*u + 284 = -5*u, 0 = -u. List the prime factors of p.
71
Suppose -2*r + 231 + 1205 = 0. What are the prime factors of r?
2, 359
Let c = -10 + 1. Let h be (c + 9)/(-1 + -1). Suppose -2*n + h*n + 12 = 0. List the prime factors of n.
2, 3
Let j(u) = u**2 - 14. Let v be j(-9). Suppose -2*c 